. Suppose 3*b = -2 + q. Suppose b = -2*u + 21. What is the tens digit of u?
1
Suppose -8*c + 1592 = 336. Let l = c - 109. What is the tens digit of l?
4
Let h(y) be the first derivative of -2*y**3/3 - 3*y**2/2 + 2*y - 7. Let s(f) = 2*f**2 + 3*f - 2. Let i(p) = 4*h(p) + 5*s(p). What is the units digit of i(3)?
5
What is the hundreds digit of (-70 + 65)*3/(-10)*394?
5
Let r = 55 - 35. What is the tens digit of 984/10 - ((-52)/r + 3)?
9
Let l = -707 - -865. What is the units digit of l?
8
Let w(q) = -2*q**3 - 6*q**2 + 3*q + 13. What is the hundreds digit of w(-8)?
6
Suppose 5*x = 773 + 127. What is the units digit of x?
0
Let n be (5 - -106) + (2 - -1). Let l = n + -29. Suppose 12*y = 7*y + l. What is the tens digit of y?
1
Suppose 4*b = 2*b - 8. What is the units digit of (-168)/70*70/b?
2
Let o be (-1 - 4/(-2)) + 5. What is the tens digit of ((-244)/o)/((-2)/3)?
6
Suppose 0 = 6*v + 3*v - 3078. What is the units digit of v?
2
What is the tens digit of (-1206)/(-24)*(-16)/(-6)?
3
Let q(c) = -c**2 - 2*c + 5. Let r be q(-4). What is the units digit of 3*2*(0 - 1/r)?
2
Let i = -22 - -1195. What is the hundreds digit of i?
1
Suppose -4*g = g - 495. Suppose g*p = 95*p + 380. What is the tens digit of p?
9
Suppose 3*b - h = -0*h + 78, 5*b = -h + 138. Suppose b = k - 15. What is the units digit of 304/14 + 12/k?
2
Let s = -11 + 13. Suppose s*t - 2*v + v - 21 = 0, 3*t - 4*v - 34 = 0. What is the tens digit of t?
1
Let p be 207/4 - (-2)/8. What is the tens digit of (4/2)/(2/p)?
5
Let q be ((-7)/((-210)/(-24)))/((-2)/365). Suppose -s + 74 + 72 = -3*m, s - q = -2*m. What is the units digit of s?
6
Let c = -90 + 135. What is the tens digit of c?
4
Suppose 0 = -14*m + 11*m + 15. Suppose -170 = -m*k + 245. What is the tens digit of k?
8
Suppose 4*i + 12 = 4*s, -2*s - 3*i + 15 = s. Let v(c) = 3*c**2 + c. Let r be v(s). Suppose -k = -5*k + r. What is the tens digit of k?
1
Let b(x) = -x**3 + 13*x**2 - 12*x. Let r be b(12). Suppose -z + 0*z - 4*q + 1 = r, -42 = 2*z - 3*q. Let w = z + 29. What is the units digit of w?
4
Let i(v) = 9*v**2 - 3*v + 20. Let x be i(4). Suppose -10*d + 11*d = x. What is the units digit of d?
2
Let d = -183 - -225. What is the units digit of d?
2
Let r(l) = 2301*l + 26. What is the tens digit of r(1)?
2
Suppose 2*j = -3*g + 1, -5*g + 3*j = -j - 31. Suppose g = 3*n - 6. Suppose -n*k + 64 = -83. What is the units digit of k?
9
What is the tens digit of 10/(-105) + 1518/63?
2
Let n be (-4 - -1)*(1371/9 + -1). What is the tens digit of n/(-6) + 12/(-18)?
7
Let c = 32 + -17. Let m(l) = -l**3 - 18*l**2 + 37*l - 61. Let f be m(-20). What is the tens digit of c + 18 - (-3)/f?
3
Let f be 15/(-3) - (1 + -170). Let q = 93 + f. What is the tens digit of q?
5
Suppose 2*v + 14 = 3*b, -17*b - 1 = -16*b + 5*v. Suppose -1513 = -5*u + b*c, -5*c + 1229 = 4*u - 2*c. What is the units digit of u?
5
Suppose 39107 - 112649 = -21*n. What is the thousands digit of n?
3
Let n be ((-528)/(-36) - 13)*24/10. Suppose -5*b = -0*b - 440. Suppose n*c = 124 + b. What is the units digit of c?
3
Let g = 1714 - 1129. What is the hundreds digit of g?
5
Suppose 6*d - 23985 = -7*d. What is the tens digit of d?
4
Suppose 0 = 4*u + 1812 + 176. Let n = u - -699. What is the tens digit of n?
0
Let p = -5 + 9. Suppose -2*q + 2 = -2*f, p*q + f - 16 = 2*f. Suppose 2*i - q*a = i + 6, -18 = -3*i - 3*a. What is the units digit of i?
6
Let a(r) = 0*r + r - r - 6*r. Let p be a(-7). Suppose -3*h = -p - 0. What is the units digit of h?
4
Suppose 0 = -4*y + 3*q - q - 86, 4*q - 62 = 3*y. Let s = -12 - y. What is the units digit of s?
0
Let a(c) = c**3 + c**2 - c + 3. Let d be a(-3). Let j = d + 21. What is the tens digit of 156/j + 4/6?
1
Suppose 45 = 5*u + 5*t, -3*u - 5*t + 4 + 31 = 0. Let g(l) = l**3 - 4*l**2 - 2*l - 12. What is the units digit of g(u)?
3
Let q(f) = 42*f**2 + f - 4. Let s be q(2). Suppose -s = -5*k - 2*j, 4*k + j - 84 = 50. What is the tens digit of k?
3
Let w be 243 + -2 + 6/(-3). Suppose -8*v + 863 = w. What is the tens digit of v?
7
Let x(l) be the first derivative of l**4/4 + 4*l**3/3 - 5*l + 11. What is the units digit of x(3)?
8
Suppose -4*s = -4*q - 9*s - 121, 0 = -3*q - 3*s - 93. Let k = q + 42. What is the units digit of k?
8
Suppose 32235 + 22068 = 23*f. What is the units digit of f?
1
Let y(q) = 36*q + 3. Let m be y(1). Let n = m - 40. What is the units digit of n - (4 + -84 + 4)?
5
Let m(n) = n - 16. Let h be m(16). Suppose h = 4*p - 3*p - 32. What is the units digit of ((-51)/4)/((-6)/p)?
8
Let n(h) = 8*h**2 + 51. Let g be n(-6). Let y = -78 + g. What is the units digit of y?
1
What is the hundreds digit of ((-6)/(-4))/(((-28)/744)/(-7))?
2
Suppose -2*f = -21*f + 10146. What is the hundreds digit of f?
5
Let w = 459 - -339. What is the hundreds digit of w?
7
Suppose 5*f - 9 + 3 = x, x = -f + 6. Suppose 6*l + b - 12 = 2*l, 3*l + x*b - 22 = 0. Suppose l*o = -8, 36 + 88 = 3*a - 4*o. What is the tens digit of a?
3
Let h = -259 - -262. Let s(y) = 2*y - 9 + 10*y + 2. What is the units digit of s(h)?
9
Suppose 3*g - p = 4*g - 682, -3*g - 5*p + 2050 = 0. What is the tens digit of g?
8
Let n(b) = 19*b**2 - 12*b - 217. What is the tens digit of n(-10)?
0
Suppose 4*y - 151 = 3*y - 5*x, 0 = 3*y - 2*x - 419. Let q = y - 2. What is the hundreds digit of q?
1
Let a(b) = -b**3 - 8*b**2 - 5*b + 9. Suppose 0 = 4*m - 3*c + 45, -21 = 5*m + 4*c + 12. What is the hundreds digit of a(m)?
1
What is the tens digit of 2668/3 + (-10)/105*-7?
9
Let r(l) = -3*l**3 - 7*l**2 + 7*l + 8. What is the hundreds digit of r(-7)?
6
Suppose 0 = 6*a - a + 20. Let i(h) be the third derivative of h**4/24 + 5*h**3/6 - 2*h**2. What is the units digit of i(a)?
1
Let c(x) = x**3 - 8*x + 2. Let z be c(3). What is the units digit of (-66)/z*(-100)/15?
8
Let w(b) = b**3 + 10*b**2 - 36*b - 10. What is the hundreds digit of w(-12)?
1
Let v(h) = h + 11. Let b be v(-11). Let q be (-1 + b)/((-8)/8). What is the units digit of (-14 - -1)/(0 - q)?
3
Let i = -1469 + 2650. Suppose -21 + 5 = 4*h, 4*h + i = 5*j. What is the hundreds digit of j?
2
Suppose 78*d - 73*d - 30 = 0. Let s(y) = y + 1. Let t be s(-2). Let x = d + t. What is the units digit of x?
5
Let x be 13/78 + (-1)/6. Suppose x = -5*f - 15, -2*z + 76 = -0*f + 2*f. What is the units digit of z?
1
Let z = -57 + -84. Let u = -82 - z. What is the tens digit of u?
5
Suppose 111*r + 3*h = 109*r + 9959, -4*h - 24863 = -5*r. What is the thousands digit of r?
4
Suppose -30*u - 114 = -18534. What is the tens digit of u?
1
Let z(m) = m + 4. Let h be z(1). Let k = 8 - 12. Let o = k + h. What is the units digit of o?
1
Let x(a) = -a**3 + a**2 - a - 1. Let f(q) = -5*q**3 + 8*q**2 + 6*q - 13. Let r = 8 - 9. Let o(l) = r*f(l) + 4*x(l). What is the units digit of o(6)?
1
Suppose 0*l = 4*l. Suppose l*v - 5*m - 12 = -2*v, -5*v - m + 30 = 0. Suppose 7*w - 43 = v*w. What is the units digit of w?
3
Let a be (3/(-36)*-4)/((-5)/(-3405)). Let z = -130 + a. What is the tens digit of z?
9
What is the hundreds digit of -5 - (-4209 - (2 - 4)*4)?
1
Let n = 223 - 103. Let s = 171 - n. What is the units digit of s?
1
Let a = 19 + -18. Let u(s) = 66*s**3 - s**2 + 2*s - 1. What is the tens digit of u(a)?
6
Suppose -145*i + 120218 = -114*i. What is the tens digit of i?
7
Let v be 4/18 - 8/36. Let a(y) = -2*y - 7. Let z be a(v). What is the units digit of z/(-3 - 8/(-3))?
1
Let l(f) = 2*f**3 - 2*f**2 + 3*f + 41. What is the tens digit of l(11)?
9
What is the hundreds digit of (-1)/14 + -47657*(-6)/84?
4
Suppose 0 = 76*m - 51*m - 84825. What is the hundreds digit of m?
3
Suppose -10*h = -2*h. Suppose a + h*a = -4*d + 28, -2*d - 202 = -4*a. What is the units digit of a?
8
Suppose -4*j + 31 = -5*v, v + 19 = 3*j + j. Let f = -34 + 34. Suppose -j*w + 5*w - 36 = f. What is the tens digit of w?
3
Suppose -3*k - 5*i + 12533 = 0, 6*k + 20945 = 11*k - 3*i. What is the thousands digit of k?
4
Let l(x) = -2*x**3 - 12*x**2 - x - 13. Suppose 25 = 5*t - 8*t + o, o - 18 = 2*t. What is the units digit of l(t)?
2
Let w = 62 - 57. Suppose w*i = 9*i - 440. What is the tens digit of i?
1
Let r(t) = 90*t**2 + 2*t + 10. What is the units digit of r(-3)?
4
Let s(b) = 5*b + 3. Let i be s(2). Suppose p - i = 10. What is the units digit of p?
3
Suppose -5*h - 405 = -p, -3*p + 865 = -p + h. What is the tens digit of 